 of 1424?
2
What is the hundreds digit of 2955?
9
What is the tens digit of 19105?
0
What is the thousands digit of 4020?
4
What is the thousands digit of 31046?
1
What is the tens digit of 2228?
2
What is the hundreds digit of 45165?
1
What is the units digit of 4582?
2
What is the hundreds digit of 123?
1
What is the ten thousands digit of 15078?
1
What is the thousands digit of 2944?
2
What is the tens digit of 16994?
9
What is the thousands digit of 24675?
4
What is the tens digit of 801?
0
What is the units digit of 803?
3
What is the units digit of 2010?
0
What is the ten thousands digit of 26450?
2
What is the hundreds digit of 64142?
1
What is the thousands digit of 127108?
7
What is the ten thousands digit of 41484?
4
What is the tens digit of 8878?
7
What is the ten thousands digit of 96951?
9
What is the tens digit of 5645?
4
What is the units digit of 67044?
4
What is the tens digit of 266?
6
What is the tens digit of 105243?
4
What is the ten thousands digit of 73418?
7
What is the units digit of 722?
2
What is the tens digit of 97631?
3
What is the units digit of 5797?
7
What is the hundreds digit of 2354?
3
What is the thousands digit of 9250?
9
What is the hundreds digit of 53471?
4
What is the thousands digit of 8700?
8
What is the units digit of 143399?
9
What is the thousands digit of 46898?
6
What is the hundreds digit of 16396?
3
What is the hundreds digit of 402?
4
What is the thousands digit of 4859?
4
What is the hundreds digit of 35788?
7
What is the hundreds digit of 8138?
1
What is the hundreds digit of 2254?
2
What is the units digit of 843?
3
What is the tens digit of 2586?
8
What is the thousands digit of 1001?
1
What is the tens digit of 2707?
0
What is the hundreds digit of 458?
4
What is the thousands digit of 2894?
2
What is the ten thousands digit of 132041?
3
What is the hundreds digit of 8729?
7
What is the hundreds digit of 7535?
5
What is the units digit of 984?
4
What is the tens digit of 4605?
0
What is the ten thousands digit of 36113?
3
What is the hundreds digit of 7471?
4
What is the hundreds digit of 1266?
2
What is the hundred thousands digit of 169206?
1
What is the thousands digit of 51407?
1
What is the hundreds digit of 1757?
7
What is the tens digit of 6080?
8
What is the tens digit of 8276?
7
What is the thousands digit of 4014?
4
What is the units digit of 1690?
0
What is the units digit of 41218?
8
What is the tens digit of 58?
5
What is the hundreds digit of 835?
8
What is the tens digit of 99?
9
What is the tens digit of 1195?
9
What is the hundreds digit of 1943?
9
What is the tens digit of 43827?
2
What is the ten thousands digit of 15721?
1
What is the units digit of 1467?
7
What is the tens digit of 66358?
5
What is the thousands digit of 17368?
7
What is the hundreds digit of 706?
7
What is the hundreds digit of 85681?
6
What is the hundreds digit of 5352?
3
What is the units digit of 27745?
5
What is the ten thousands digit of 37957?
3
What is the tens digit of 295?
9
What is the ten thousands digit of 80229?
8
What is the tens digit of 865?
6
What is the tens digit of 26903?
0
What is the units digit of 1549?
9
What is the hundreds digit of 11174?
1
What is the thousands digit of 37599?
7
What is the hundreds digit of 1664?
6
What is the hundreds digit of 11623?
6
What is the hundreds digit of 6822?
8
What is the units digit of 1061?
1
What is the thousands digit of 60545?
0
What is the hundreds digit of 34929?
9
What is the hundreds digit of 320?
3
What is the hundreds digit of 6897?
8
What is the thousands digit of 7263?
7
What is the hundreds digit of 3204?
2
What is the units digit of 187?
7
What is the thousands digit of 1120?
1
What is the thousands digit of 7972?
7
What is the units digit of 904?
4
What is the tens digit of 4446?
4
What is the hundreds digit of 13313?
3
What is the thousands digit of 3254?
3
What is the ten thousands digit of 27568?
2
What is the thousands digit of 104150?
4
What is the hundreds digit of 3601?
6
What is the thousands digit of 12871?
2
What is the hundreds digit of 48120?
1
What is the ten thousands digit of 66735?
6
What is the thousands digit of 11036?
1
What is the tens digit of 3336?
3
What is the hundreds digit of 897?
8
What is the ten thousands digit of 10773?
1
What is the hundreds digit of 2708?
7
What is the hundreds digit of 2321?
3
What is the units digit of 81?
1
What is the thousands digit of 99494?
9
What is the units digit of 640?
0
What is the units digit of 15265?
5
What is the tens digit of 7691?
9
What is the hundreds digit of 15271?
2
What is the tens digit of 19811?
1
What is the hundred thousands digit of 184407?
1
What is the units digit of 8896?
6
What is the thousands digit of 54689?
4
What is the units digit of 60726?
6
What is the thousands digit of 2571?
2
What is the hundreds digit of 3005?
0
What is the thousands digit of 11032?
1
What is the units digit of 1362?
2
What is the thousands digit of 1220?
1
What is the units digit of 8929?
9
What is the hundreds digit of 3306?
3
What is the thousands digit of 8558?
8
What is the hundreds digit of 505?
5
What is the tens digit of 33918?
1
What is the hundreds digit of 1599?
5
What is the tens digit of 2052?
5
What is the hundreds digit of 394?
3
What is the tens digit of 3775?
7
What is the ten thousands digit of 38121?
3
What is the units digit of 27353?
3
What is the units digit of 9290?
0
What is the tens digit of 39?
3
What is the tens digit of 96?
9
What is the units digit of 3197?
7
What is the thousands digit of 10023?
0
What is the units digit of 30870?
0
What is the units digit of 735?
5
What is the units digit of 1090?
0
What is the thousands digit of 13457?
3
What is the thousands digit of 3286?
3
What is the units digit of 7666?
6
What is the units digit of 454?
4
What is the hundreds digit of 2008?
0
What is the units digit of 181?
1
What is the hundreds digit of 18033?
0
What is the ten thousands digit of 10353?
1
What is the thousands digit of 14944?
4
What is the thousands digit of 1159?
1
What is the tens digit of 3479?
7
What is the tens digit of 6618?
1
What is the units digit of 934?
4
What is the hundreds digit of 53205?
2
What is the hundreds digit of 354?
3
What is the hundreds digit of 29341?
3
What is the units digit of 1692?
2
What is the hundreds digit of 4705?
7
What is the ten thousands digit of 64044?
6
What is the units digit of 18549?
9
What is the tens digit of 91753?
5
What is the ten thousands digit of 36383?
3
What is the units digit of 2577?
7
What is the hundreds digit of 419?
4
What is the tens digit of 1608?
0
What is the tens digit of 14672?
7
What is the thousands digit of 1784?
1
What is the hundreds digit of 43962?
9
What is the thousands digit of 2948?
2
What is the hundreds digit of 179?
1
What is the units digit of 607?
7
What is the units digit of 152730?
0
What is the hundreds digit of 2696?
6
What is the hundreds digit of 2400?
4
What is the thousands digit of 42093?
2
What is the thousands digit of 1242?
1
What is the tens digit of 821?
2
What is the hundreds digit of 32268?
2
What is the tens digit of 104959?
5
What is the hundreds digit of 11689?
6
What is the tens digit of 6320?
2
What is the units digit of 42?
2
What is the thousands digit of 19702?
9
What is the tens digit of 66?
6
What is the hundreds digit of 252?
2
What is the thousands digit of 1466?
1
What is the tens digit of 4594?
9
What is the thousands digit of 1056?
1
What is the thousands digit of 41224?
1
What is the units digit of 3121?
1
What is the ten thousands digit of 31816?
3
What is the tens digit of 12942?
4
What is the hundreds digit of 4308?
3
What is the units digit of 770?
0
What is the hundreds digit of 132?
1
What is the hundreds digit of 14289?
2
What is the ten thousands digit of 33378?
3
What is the tens digit of 566?
6
What is the thousands digit of 12119?
2
What is the tens digit of 760?
6
What is the units digit of 5779?
9
What is the hundreds digit of 22272?
2
What is the hundreds digit of 389?
3
What is the hundreds digit of 2409?
4
What is the units digit of 5126?
6
What is the ten thousands digit of 24618?
2
What is the tens digit of 897?
9
What is the hundreds digit of 484?
4
What is the hundreds digit of 2265?
2
What 